3). Is 17 a factor of -29*(2 + k)/(-1)?
False
Let g = 166 - 71. Does 23 divide g?
False
Suppose 2*t + 2*t = 100. Suppose 5*l = -t, 0*l = -4*k - 4*l - 20. Suppose -d + 6*d - 120 = k. Is d a multiple of 12?
True
Let i = -51 - -82. Suppose 0*x + 68 = 2*r + 4*x, i = r + 3*x. Is 8 a factor of r?
True
Suppose -9*b + 12*b = 30. Is 7 a factor of b?
False
Let r = -11 - -2. Is (-160)/(-9) - 2/r a multiple of 8?
False
Let j = 113 + -65. Does 6 divide j?
True
Let t = 9 + -13. Let u be t/(-10)*(-1 + 31). Is (-786)/(-36) + 2/u a multiple of 22?
True
Let v = -22 - -4. Let j = -9 - v. Let i(x) = x**3 - 10*x**2 + 10*x - 2. Is i(j) a multiple of 3?
False
Suppose -4*o - m + 199 = -0*m, 2*o - 5*m - 127 = 0. Let u = o - -30. Is u a multiple of 27?
True
Let c(s) = 12*s - 2. Is 13 a factor of c(4)?
False
Suppose -2*v - 5*m = -95 + 12, -5*m + 141 = 4*v. Is v a multiple of 22?
False
Suppose b = -5*q - 5, 2*q - 2*b = -3*q - 20. Does 23 divide q/(59/61 + -1)?
False
Is (-1 - 0)/(-2*(-4)/(-472)) a multiple of 10?
False
Suppose 2*c = 5*z + 37, -5*c + 2*z = -2*z - 50. Suppose 0*o = 2*o - c. Is o even?
False
Suppose -40*t = -38*t - 80. Does 10 divide t?
True
Suppose i = -0*i + 4*r + 45, 0 = 5*i - 2*r - 153. Is i a multiple of 6?
False
Let a(q) = -q**2 + 7. Let p be (-2 - -3) + 2 - 3. Is a(p) a multiple of 2?
False
Let a(x) = -x**2 + 4*x - 1. Let w be a(4). Is 10*w*(-1)/2 even?
False
Let a = 5 - -1. Suppose -3*c - 48 = -3*w, -5*w = -4*c - 27 - 35. Let n = a - c. Is 17 a factor of n?
False
Suppose -4*p - 6 = -k, p - 2*p = k + 4. Let f be ((-60)/9)/(p/(-6)). Let h = f - -49. Is 17 a factor of h?
False
Let w = 57 - 33. Suppose -5 = h + 4*l, -w = -h - 2*h + l. Is h even?
False
Let r be (24 - -3)/(-3) + 3. Is 8 a factor of (r/12)/((-1)/62)?
False
Let f(g) be the first derivative of g**4/12 + g**3/3 + 3*g**2/2 - 4*g + 1. Let r(b) be the first derivative of f(b). Is 8 a factor of r(4)?
False
Let t = 46 - 85. Let u = t + 55. Is 8 a factor of u?
True
Suppose 10 = 4*s + s. Suppose s*n + 133 = -3*x, -6*x - 20 = -2*x. Let f = n + 101. Is f a multiple of 21?
True
Let b = -1 - 1. Let u be 3/(-5)*(-7 - b). Suppose -u*a = -5*a + 32. Is a a multiple of 8?
True
Suppose 5*m = n + 57, -4*n = -3*m + 36 + 5. Let z = 19 - m. Is z a multiple of 8?
True
Let u(l) = l**2 - 11*l + 12. Let t(w) = w**2 + 6*w - 8. Let q be t(-8). Let v be u(q). Is 13 a factor of (-6)/((v/(-15))/(-2))?
False
Let u(f) = -2*f**2 + f + 4. Let p be u(4). Let z = p + 109. Suppose 3*b + 2 - 79 = -4*a, 0 = 5*b - 2*a - z. Is b a multiple of 19?
True
Let f = 10 + -57. Does 8 divide (f + -1)*(-2)/3?
True
Let m(u) = -14*u + 1. Let a(j) = 7*j - 1. Let r(g) = 5*a(g) + 2*m(g). Let q be r(4). Suppose -c + q = 2*c - i, 5*c - 45 = 5*i. Is 4 a factor of c?
True
Let r(j) = 2*j - 2. Does 6 divide r(4)?
True
Suppose -5*g + 20 = 5*v, -4*v + 4 = 5*g - 12. Does 26 divide 1 - -61 - (1 - v)?
False
Suppose 7*t - 156 = 159. Is t a multiple of 17?
False
Suppose -4*b - 5*y - 11 + 121 = 0, -3*y = 2*b - 54. Is b a multiple of 5?
True
Suppose 3*y + 63 = 3*s - s, -5*s + 183 = y. Let b be 2/(-3)*s/(-6). Suppose b*c - 35 = -c. Is c a multiple of 4?
False
Let j(z) = -6*z**2 + z**2 - 1 - 2*z + 4*z**2. Let c be j(-1). Suppose 3*u + 0*p + p - 22 = 0, -4*u + 3*p + 51 = c. Is 8 a factor of u?
False
Let c be (-4)/(-10) - 462/55. Let x = -3 - c. Is x a multiple of 2?
False
Suppose q - 2*u + 1 = -4, -3*u + 24 = 4*q. Suppose 0*b - 120 = -q*b. Is 11 a factor of b?
False
Suppose 0 = x + 3*o + 5 - 15, 5*x = 4*o + 12. Is 4 a factor of x?
True
Suppose -102 - 132 = -6*z. Is 39 a factor of z?
True
Suppose -5*r - z = 17, 0 = 5*r - 2*z - 2*z + 32. Let i = r + 11. Let l = -3 + i. Is l a multiple of 2?
True
Let q = -376 - -536. Does 27 divide q?
False
Let w = 1281 + -888. Let u = w - 227. Let j = u - 92. Is 26 a factor of j?
False
Suppose 0 = -5*a + 4 + 6. Suppose -v + 3*k = -0*k + 4, 0 = a*v - 3*k + 2. Does 2 divide v?
True
Let w(y) be the second derivative of -11*y**3/6 + y**2 - 2*y. Let m be w(-3). Suppose 3*p - 5*p + j + m = 0, 98 = 5*p + j. Does 13 divide p?
False
Suppose -4*n = -n - 459. Is n a multiple of 30?
False
Let t(c) = 4*c**2 + c. Let b be t(1). Suppose f - b*f = 2*v, v - f = 0. Does 6 divide (-2 + v)/((-3)/18)?
True
Suppose 5*o - 3*u = 5, u - 3*u = 5*o - 30. Suppose 0 = -o*m, -5*n + 5*m + 6 = -4. Does 2 divide n?
True
Suppose 3*n - n - 10 = 0. Does 28 divide ((-224)/(-40))/(1/n)?
True
Let w be 2/(-9) + 20/9. Suppose 4*g - 16 = -x, 5*x = 2*x - 2*g - w. Is (10/15)/(x/(-78)) a multiple of 7?
False
Suppose 0 = -6*p + 263 - 53. Is p a multiple of 13?
False
Let j be (5 - 4)*(1 - 18). Let w = 24 + j. Let o(t) = t - 3. Is o(w) a multiple of 3?
False
Suppose 0 = 3*x, 3*c + 5*x - 44 = 64. Does 18 divide c?
True
Suppose 4*b + 0*s = -4*s + 124, 118 = 4*b + s. Is b a multiple of 5?
False
Let n = 40 + -22. Does 9 divide n?
True
Let y(x) = -4*x**2 - 2*x - 8 + 0*x**2 + 5*x**2 + 2. Let w = -5 + 1. Is 5 a factor of y(w)?
False
Let u = 30 + -12. Let c = u + 9. Does 9 divide c?
True
Let o be (-3)/(-6)*-2 + -1. Let h(t) = 3*t**2 + 3*t + 1. Is 7 a factor of h(o)?
True
Let o = 38 + 46. Is o a multiple of 21?
True
Suppose 0*p = 3*p + 6. Let v = 1 - p. Does 3 divide v?
True
Let w = 170 + -107. Does 21 divide w?
True
Suppose -d - 2*d + 4*q - 49 = 0, 0 = -d + 4*q - 11. Let r = d + 41. Is r a multiple of 21?
False
Let u be 64/6 - (-4)/(-6). Suppose 3*s + 6 = -4*d, -2*s - 3*d = -5*d - u. Suppose 5*v = -2*j + 46, -j + 20 = -v + s*v. Is 11 a factor of j?
False
Let t = 42 - 17. Does 8 divide t?
False
Let k(g) = g**3 - 7*g**2 + 8*g - 10. Let r be (-2)/(-2) - (-2 + -4). Let u be k(r). Suppose 5*n - 34 = u. Does 8 divide n?
True
Suppose -6*x + x - 4*z + 406 = 0, -82 = -x - z. Is x a multiple of 13?
True
Let d(u) = -u**3 + 7*u**2 + u - 7. Let x be d(7). Suppose 5*h - 62 - 8 = x. Does 12 divide h?
False
Suppose -60 = 4*b - 9*b. Let x = 33 - b. Is 6 a factor of x?
False
Let x(d) = 3 + 6 - 3 + 16*d. Let a(n) = -n**3 + 10*n**2 + 3. Let y be a(10). Is x(y) a multiple of 18?
True
Let w = 45 - 7. Does 20 divide w?
False
Let p(s) be the third derivative of -2/3*s**3 + 1/15*s**5 + 3*s**2 + 0*s + 1/12*s**4 + 0. Is 13 a factor of p(-3)?
True
Let t(p) = -p**3 + 2*p + 4. Is 15 a factor of t(-4)?
True
Let t be (2 + (-1 - 2))*0. Let m(v) = 4*v**3 - v**2 - v + 1. Let p be m(1). Suppose t*x - 102 = -p*x. Is 14 a factor of x?
False
Let d(h) be the second derivative of 2*h**3 - 9*h**2/2 - h. Let f(x) = -11*x + 8. Let k(s) = 4*d(s) + 5*f(s). Is 16 a factor of k(-4)?
True
Let p = 5 - 2. Suppose 63 = 5*y + 4*g - 5, 4*g = -p*y + 44. Suppose -j - 4*f + y = 0, 4*j + 4*f = -0*j + 48. Is j a multiple of 4?
True
Is (-333)/(-6)*(-12)/(-18) a multiple of 8?
False
Let x(c) = -c**3 + 5*c**2 + 7*c - 7. Let g be x(6). Let l(d) = -22*d**2 - d. Let q be l(g). Let a = 42 + q. Is 10 a factor of a?
False
Let y = -3 - -7. Let i = 0 + y. Suppose x - 20 = -i*x. Is 3 a factor of x?
False
Let i = -6 + 7. Let s be (-2)/3*(-7 + i). Suppose -s*w + 3*w = -38. Is 15 a factor of w?
False
Let y(u) = 4*u**3 - 2*u + 1. Let t be y(1). Does 21 divide -2 - -8*(6 - t)?
False
Let m(s) = s**2 - 5*s - 6. Let u be m(5). Let h(v) = -v**3 - 6*v**2 - 5*v - 6. Let x be h(u). Suppose -x = -3*w - 6. Is 5 a factor of w?
False
Suppose -3*p = -167 - 13. Is p a multiple of 13?
False
Let x = 12 + 20. Is 14 a factor of x?
False
Let s(c) = c**3 + 4*c**2 - 2*c - 1. Let g be s(-4). Is (-1 + g)/1 - 1 even?
False
Let n(v) = v - 3. Let h be n(5). Let b(s) = -s**3 + s - 1. Let z be b(1). Let m = h - z. Is 3 a factor of m?
True
Suppose 9*t - 568 - 548 = 0. Does 18 divide t?
False
Suppose 6 = 3*b + 18. Is (-430)/(-9) - b/18 a multiple of 21?
False
Let q(s) = -11*s - 11. Is 5 a factor of q(-2)?
False
Let u(j) = j - 1. Let b be u(4). Suppose -76 = -4*g + 4*w, 4*g + 21 = -b*w + 132. Is 12 a factor of g?
True
Let g = 41 + 51. Is 23 a factor of g?
True
Suppose 0 = -2*i - 6, i + 21 - 54 = -w. Does 12 divide w?
True
Let l be 1 + 1 + -2 + 0. Let h = 12 + l. Is h a multiple of 6?
True
Let h = -5 - -3. Let u(g) = -2 - g + 6*g + 2*g**2 - 3*g + 3. Is 2 a factor of u(h)?
False
Let r(l) = l - 2 - 4*l + 1. Suppose k + 15 = -4*k. Does 8 divide r(k)?
True
Suppose -q - 3*p + 72 = -6*p, 0 = -3*q + 4*p + 236. Does 17 divide q?
False
Suppose 4*h - h = 18. Is h/(-15) + (-1260)/(-25) a multiple of 